ase 10.
15
Convert 73 (base 14) to base 16.
65
-6 (base 11) to base 4
-12
-2 (base 7) to base 5
-2
Convert 53 (base 6) to base 9.
36
Convert -4 (base 8) to base 16.
-4
What is -5 (base 13) in base 3?
-12
Convert -11 (base 7) to base 8.
-10
-261 (base 7) to base 9
-166
Convert -1231 (base 4) to base 16.
-6d
Convert 2020 (base 3) to base 10.
60
What is 4 (base 10) in base 13?
4
15 (base 16) to base 11
1a
Convert 233 (base 6) to base 9.
113
What is -13 (base 8) in base 4?
-23
What is 13 (base 10) in base 2?
1101
Convert 5 (base 9) to base 10.
5
What is 3 (base 12) in base 3?
10
-21 (base 8) to base 13
-14
1 (base 2) to base 6
1
178 (base 13) to base 2
100001100
What is -6 (base 15) in base 8?
-6
Convert 18 (base 12) to base 11.
19
Convert -34 (base 7) to base 3.
-221
Convert -b0 (base 12) to base 13.
-a2
What is -440 (base 7) in base 10?
-224
120 (base 5) to base 14
27
Convert -10 (base 11) to base 5.
-21
-154 (base 7) to base 13
-6a
What is -121 (base 3) in base 5?
-31
Convert 50 (base 7) to base 9.
38
What is -3 (base 8) in base 14?
-3
Convert 45 (base 11) to base 7.
100
Convert 1000 (base 2) to base 10.
8
Convert 21 (base 6) to base 11.
12
What is 331 (base 5) in base 10?
91
What is -21 (base 5) in base 11?
-10
8 (base 11) to base 12
8
What is -40 (base 10) in base 2?
-101000
23 (base 9) to base 16
15
Convert 36 (base 10) to base 6.
100
What is -313 (base 4) in base 3?
-2001
36 (base 11) to base 16
27
What is 132 (base 6) in base 15?
3b
-131 (base 6) to base 14
-3d
-5 (base 13) to base 15
-5
0 (base 11) to base 2
0
Convert 1 (base 13) to base 5.
1
72 (base 13) to base 3
10110
154 (base 8) to base 4
1230
What is 39 (base 14) in base 10?
51
10111111 (base 2) to base 14
d9
Convert 12 (base 10) to base 5.
22
2 (base 14) to base 5
2
Convert 1 (base 4) to base 8.
1
Convert -29 (base 16) to base 9.
-45
Convert 11 (base 4) to base 2.
101
Convert -22 (base 4) to base 11.
-a
Convert 1 (base 14) to base 15.
1
0 (base 6) to base 4
0
Convert 2 (base 14) to base 2.
10
2 (base 12) to base 16
2
-130 (base 8) to base 10
-88
5 (base 8) to base 9
5
-17 (base 9) to base 5
-31
What is 10 (base 3) in base 15?
3
What is 4 (base 13) in base 16?
4
What is -c2 (base 15) in base 12?
-132
Convert -3122 (base 4) to base 14.
-118
-7 (base 14) to base 2
-111
What is -11 (base 3) in base 5?
-4
5 (base 7) to base 16
5
Convert -11 (base 2) to base 6.
-3
What is 3 (base 12) in base 2?
11
-20 (base 6) to base 15
-c
11 (base 2) to base 10
3
What is -9 (base 16) in base 7?
-12
Convert -28 (base 14) to base 11.
-33
-8 (base 10) to base 13
-8
Convert -2 (base 5) to base 3.
-2
Convert -49 (base 12) to base 5.
-212
22 (base 6) to base 15
e
Convert 41 (base 6) to base 13.
1c
-250 (base 8) to base 4
-2220
What is 6 (base 11) in base 9?
6
Convert 10011 (base 2) to base 9.
21
What is d (base 16) in base 3?
111
What is -142 (base 5) in base 16?
-2f
-3 (base 8) to base 12
-3
-3 (base 12) to base 13
-3
Convert -5a (base 16) to base 7.
-156
What is -22 (base 7) in base 16?
-10
What is -5 (base 16) in base 13?
-5
What is 40 (base 15) in base 12?
50
What is 2 (base 15) in base 4?
2
Convert -23 (base 12) to base 7.
-36
Convert 10010 (base 3) to base 2.
1010100
What is 3 (base 4) in base 3?
10
3 (base 16) to base 10
3
Convert 100 (base 3) to base 4.
21
13 (base 4) to base 8
7
-1011 (base 2) to base 6
-15
110010 (base 2) to base 11
46
Convert -1 (base 11) to base 9.
-1
Convert -41 (base 15) to base 8.
-75
Convert -3 (base 7) to base 10.
-3
b4 (base 13) to base 16
93
Convert 10 (base 3) to base 9.
3
3 (base 13) to base 4
3
What is 4 (base 7) in base 10?
4
What is -33 (base 7) in base 11?
-22
What is 2 (base 4) in base 2?
10
Convert -14 (base 7) to base 16.
-b
What is 3 (base 13) in base 3?
10
Convert 3 (base 10) to base 15.
3
What is -100110001 (base 2) in base 9?
-368
8 (base 14) to base 4
20
What is 56 (base 8) in base 9?
51
-1 (base 10) to base 13
-1
What is -1a (base 12) in base 6?
-34
-2b (base 13) to base 5
-122
What is -23 (base 15) in base 3?
-1020
1 (base 16) to base 11
1
What is 0 (base 12) in base 8?
0
Convert -5 (base 8) to base 14.
-5
Convert -1b (base 12) to base 16.
-17
Convert 3 (base 10) to base 3.
10
What is -2 (base 3) in base 11?
-2
2 (base 9) to base 12
2
-36 (base 10) to base 15
-26
What is -53 (base 12) in base 6?
-143
What is -124 (base 5) in base 8?
-47
-3 (base 5) to base 16
-3
What is -b9 (base 16) in base 9?
-225
Convert -1122 (base 4) to base 10.
-90
153 (base 6) to base 12
59
Convert -11 (base 12) to base 2.
-1101
Convert 111 (base 2) to base 16.
7
What is 0 (base 6) in base 15?
0
Convert 2 (base 10) to base 16.
2
101101 (base 3) to base 11
235
7 (base 8) to base 16
7
Convert 10 (base 2) to base 15.
2
1233 (base 4) to base 7
216
Convert -8 (base 13) to base 14.
-8
Convert 4a (base 12) to base 6.
134
12 (base 10) to base 8
14
Convert 3 (base 12) to base 7.
3
-20 (base 4) to base 13
-8
What is -3d (base 16) in base 4?
-331
-10 (base 8) to base 3
-22
3 (base 10) to base 6
3
45 (base 8) to base 14
29
Convert 14 (base 15) to base 3.
201
0 (base 14) to base 6
0
What is -1122 (base 3) in base 7?
-62
-10 (base 10) to base 3
-101
0 (base 3) to base 2
0
Convert 3 (base 6) to base 12.
3
What is -34 (base 5) in base 2?
-10011
-3 (base 14) to base 8
-3
What is -6a (base 12) in base 10?
-82
What is 22 (base 11) in base 5?
44
Convert -2 (base 11) to base 12.
-2
Convert -11211 (base 3) to base 14.
-94
What is 2 (base 8) in base 15?
2
Convert 21 (base 11) to base 8.
27
2 (base 15) to base 5
2
What is -3 (base 4) in base 2?
-11
What is 3 (base 11) in base 15?
3
Convert 2 (base 7) to base 11.
2
-b (base 16) to base 13
-b
Convert -c (base 16) to base 9.
-13
2 (base 15) to base 5
2
12 (base 15) to base 11
16
Convert 3 (base 4) to base 9.
3
What is 10232 (base 4) in base 14?
178
214 (base 10) to base 6
554
What is -21 (base 11) in base 7?
-32
5 (base 11) to base 13
5
Convert -9 (base 13) to base 3.
-100
What is -8 (base 10) in base 5?
-13
-62 (base 10) to base 9
-68
100001101 (base 2) to base 3
100222
What is 7 (base 10) in base 12?
7
What is 0 (base 12) in base 5?
0
What is 123 (base 11) in base 13?
b3
What is -11 (base 13) in base 9?
-15
What is -d (base 14) in base 5?
-23
-5 (base 9) to base 10
-5
Convert 101202 (base 3) to base 10.
290
What is -39 (base 10) in base 4?
-213
What is -20 (base 5) in base 3?
-101
Convert -54 (base 6) to base 10.
-34
What is -22 (base 10) in base 2?
-10110
-202 (base 3) to base 13
-17
Convert 11 (base 3) to base 16.
4
What is 0 (base 15) in base 7?
0
6 (base 16) to base 15
6
-10 (base 4) to base 6
-4
What is -1 (base 3) in base 7?
-1
-310 (base 4) to base 6
-124
3a (base 13) to base 9
54
Convert -2 (base 14) to base 15.
-2
Convert 3 (base 15) to base 16.
3
What is 55 (base 11) in base 3?
2020
Convert -e (base 16) to base 10.
-14
What is -64 (base 9) in base 8?
-72
Convert -1 (base 14) to base 4.
-1
-6 (base 13) to base 4
-12
What is 0 (base 6) in base 2?
0
Convert 13 (base 14) to base 6.
25
What is -172 (base 15) in base 2?
-101001100
Convert 1 (base 3) to base 12.
1
What is -5 (base 13) in base 5?
-10
Convert -1 (base 8) to base 9.
-1
What is 103 (base 10) in base 9?
124
What is -2 (base 11) in base 6?
-2
What is -2 (base 7) in base 8?
-2
Convert -bc (base 13) to base 15.
-a5
What is -401 (base 5) in base 2?
-1100101
Convert 223 (base 11) to base 5.
2032
45 (base 14) to base 15
41
Convert 376 (base 8) to base 3.
100102
What is 3 (base 13) in base 7?
3
10 (base 3) to base 15
3
Convert -1111 (base 2) to base 11.
-14
Convert 12 (base 3) to base 14.
5
-12 (base 8) to base 4
-22
What is 215 (base 7) in base 8?
156
342 (base 10) to base 8
526
-44 (base 6) to base 3
-1001
a (base 14) to base 10
10
Convert 15 (base 16) to base 6.
33
Convert 2 (base 3) to base 12.
2
Convert -17 (base 11) to base 8.
-22
Convert -55 (base 11) to base 8.
-74
10011 (base 2) to base 9
21
What is 8 (base 16) in base 8?
10
22 (base 3) to base 8
10
What is -4 (base 16) in base 10?
-4
Convert -1 (base 12) to base 15.
-1
Convert -4f (base 16) to base 3.
-2221
Convert -9 (base 11) to base 10.
-9
What is -332 (base 4) in base 12?
-52
Convert -11 (base 7) to base 12.
-8
-2 (base 4) to base 11
-2
What is 1054 (base 6) in base 4?
3322
-8c (base 13) to base 8
-164
-1 (base 5) to base 15
-1
Wha